e -m + 5*m = c*y - 8, 2*y = -4*m + 8. Determine z(m).
-2
Let b(u) = -43*u + 180. Let m be b(4). Let g(r) = -24*r + 184. What is g(m)?
-8
Let u(j) = 3*j + 13. Let m = -1102 + 1094. Determine u(m).
-11
Let x(f) = -4*f - 4. Let b(p) = 2*p - 1. Let o(c) = 42*c. Let t(s) = 28*b(s) - 2*o(s). Let y(w) = -3*t(w) + 20*x(w). Determine y(3).
16
Let p(o) = -o**3 + 6*o**2 + 6*o - 6. Suppose g - 5*x - 42 = -21, x = 2*g - 15. Give p(g).
30
Let w(f) = -2*f**2 - f + 1. Suppose -5*q = -104 - 46. Let k = 41 - q. Suppose -6 = k*c - 8*c. Calculate w(c).
-5
Let g(x) = -4*x**2 + 72*x - 96. Let s(i) = -5*i**2 + 89*i - 96. Let h(d) = -4*g(d) + 3*s(d). Determine h(8).
-8
Let l(k) = -k**2 + 27*k + 9. Suppose 5*s - 3*t - 167 = 0, 95 = 5*s + 338*t - 333*t. Determine l(s).
-19
Let a(j) = j**2 + 61*j + 325. Let g be a(-6). Let r(x) = -2*x**2 - 7*x + 15. Give r(g).
0
Suppose -4*f + 90 = -3*a + 121, 32 = 4*a - 3*f. Let r(v) = v**3 - 2*v**2 - 9*v + 6. Calculate r(a).
36
Let u(i) be the third derivative of i**4/8 - 7*i**3/6 - 2532*i**2 + 1. Give u(-2).
-13
Let r(m) = 4*m**3 + 45*m - m**3 + 27 + 34*m + 6*m**2 - 4*m**3 - 443. Determine r(5).
4
Suppose 26*i + 24 = 20*i. Let f(t) be the second derivative of t**4/12 + t**3/6 + t**2/2 + 13*t. Give f(i).
13
Suppose 4*h - 5*h + 8 = 4*i, -4*h - 22 = -2*i. Suppose -o - 7 = z - 13, -30 = -5*o + i*z. Let d(g) = -2*g**3 - 348*g**2 + 354*g**2 + g**3 + 2*g + 1. Give d(o).
13
Let b = 188 + -188. Let o(w) = 1765*w - 1765*w + 2 - w**2 + b. What is o(2)?
-2
Let j(i) = -i**3 - 27*i**2 + 36*i + 236. Let h be j(-28). Let r(q) = -q**3 + 13*q**2 - 13*q + 11. Give r(h).
-1
Let s(h) = h - 3. Let x(v) be the third derivative of -v**4/12 + 4*v**3/3 - 24*v**2 - 2*v. Let z(q) = 3*s(q) + x(q). Determine z(0).
-1
Let w be 4/3*(-261)/174. Let h(c) = -3*c - 5. Give h(w).
1
Let y = 52 - 107. Let m = 61 + y. Let v(h) = 14*h**2 - 20*h - 1. Let q(u) = -5*u**2 + 7*u. Let a(n) = -11*q(n) - 4*v(n). Determine a(m).
-14
Let h(w) = 0*w + 178 - 3*w - 184. Suppose -12*v - 48 = -0*v. Give h(v).
6
Let y(k) = -3*k + 12. Let n = 1297 + -1290. Give y(n).
-9
Let q = 317 - 250. Let x = -74 + q. Let f(z) = -z - 14. Calculate f(x).
-7
Let w(s) be the second derivative of s**3/3 + 3*s**2/2 + s. Let t(z) = -6*z - 1 - 7*z**2 + 4 + 6*z**2. Let p be t(-6). Determine w(p).
9
Let i(w) be the first derivative of -w**4/4 + 16*w**3/3 + 19*w**2/2 - 37*w + 847. Determine i(17).
-3
Let w(a) = -15*a**3 + 8*a**2 - 24*a + 14. Let z(j) = 7*j**3 - 3*j**2 + 12*j - 7. Let g(f) = -6*w(f) - 13*z(f). Give g(-5).
-33
Let r(t) = -6*t**2 - 2. Suppose -38 - 70 = -6*q. Suppose -3*u + q - 24 = 0. What is r(u)?
-26
Let o = -13523 + 13528. Let z(g) = g**3 - 14*g**2 + 47*g - 8. Give z(o).
2
Let z = 4160 - 4175. Let a(x) = x**2 + 17*x + 33. Give a(z).
3
Let l(r) = r**3 + 7*r**2 - 8*r - 8. Let h be (-752)/(-6) - (-2)/3. Let n be 72/h*(-133)/(-2). Suppose -u + 34 = -4*z, -4*z + 5*u - 2*u = n. Give l(z).
-8
Suppose 2*o = -2*k - 36, 3*k = 3*o + k + 34. Let x = 8 + o. Let q(r) be the first derivative of -r**2/2 - 9*r + 3124. Calculate q(x).
-3
Suppose -3*k - 3*t = k - 4498, 5*k - 2*t - 5634 = 0. Let j(p) = -572 - 564 + k + p. Calculate j(5).
-5
Let w = -362 - -353. Let y(q) = q**2 + 25*q + 137. Determine y(w).
-7
Let s(t) = t**2 + 9*t + 7. Let k be s(-9). Let x(q) be the first derivative of q**3/3 - 5*q**2 - 2*q - 596. Calculate x(k).
-23
Let t be (3 + -1 + -3)*3 + 84. Let c(o) = -5 + 3 + 84*o - t*o. Let d be 1 + 6 + -4 + -10. Give c(d).
-23
Let q(c) be the third derivative of c**4/6 + 59*c**3/3 + 6269*c**2. Determine q(-26).
14
Let d(w) = 221923*w**2 - 221924*w**2 + 26*w - 62 - 15. Give d(3).
-8
Let p(m) = -4 + 19*m**2 - 5 + 2*m**2 + m**3 - 218*m + 170*m - 20. Determine p(-23).
17
Suppose -3 = p - 239*z + 236*z, 5*z = -4*p + 73. Let k(x) = 8*x - 15. Calculate k(p).
81
Let u(l) = l**2 + 6*l + 3. Let x(h) = -450*h**2 - 7 - 39*h + 891*h**2 - 440*h**2. Let f be x(39). What is u(f)?
10
Let l(c) = -18*c + 25. Let r be l(5). Let n = 69 + r. Suppose k + 4*v = n*k - 10, v + 4 = k. Let d(o) = o + 3. What is d(k)?
9
Let z(r) be the second derivative of 0*r**3 - 3/2*r**4 + 1/60*r**5 - 1/720*r**6 + 0 + 11*r + 0*r**2. Let c(l) be the third derivative of z(l). What is c(0)?
2
Let g(x) = -x**3 + 4*x**2 + 2*x - 2. Let c be (-1)/(((-32)/(-44))/(-8)). Suppose -3*s = -5*w + 23, 14*w - 11*w + s = c. Calculate g(w).
6
Let v = 125 - 114. Let o(w) = 5*w**3 + 7*w**2 - w - 8. Let x(k) = -14*k**3 - 21*k**2 + 2*k + 25. Let f(c) = v*o(c) + 4*x(c). Calculate f(-6).
-6
Let g(j) = -j**3 + 10*j**2 + 10*j - 6. Let y(z) = -z. Let u(m) = -g(m) + 2*y(m). Let k = 75 + -75. Let l be 11/(-2)*(-2 + k). Determine u(l).
-5
Suppose 0 = -8785*c + 8792*c - 28. Let w(o) = -100*o - 1. Let v be w(-1). Let y(k) = c*k**2 + 0*k**3 + k - k**3 - v + 98. Determine y(5).
-21
Let c(n) = -12*n + 6. Let o(z) = -8*z + 4. Let t(x) = 7*c(x) - 11*o(x). Give t(-12).
-50
Let t(u) be the third derivative of -u**7/840 + u**6/180 + u**5/20 - u**4/4 + 79*u**3/3 - 9*u**2 - u. Let q(w) be the first derivative of t(w). Calculate q(4).
-14
Let r(u) be the third derivative of 17/3*u**3 - 7/24*u**4 + 0 + 0*u - 1/15*u**5 - 1/360*u**6 - 5*u**2. Let c(x) be the first derivative of r(x). Give c(-7).
0
Let u(q) = -65*q - 29. Let p(t) = -115*t - 56. Let b(f) = -4*p(f) + 7*u(f). Calculate b(-7).
-14
Let f(u) = 3*u. Let j(q) = -2. Let w = -49 - -44. Let x(i) = w*j(i) + f(i). Calculate x(-7).
-11
Let t(k) be the second derivative of 1/20*k**5 - 2/3*k**4 + 4*k**2 + 2 + 7/6*k**3 - 20*k. What is t(7)?
8
Let m = 7 - 0. Let i = m - 4. Let t(o) = -192644 + 6*o**2 + 2*o**2 - 4*o**2 - 2*o**2 - 3*o + 192642. Determine t(i).
7
Let c(g) = -g - 13. Let z be (12 + 102/(-9))/(2/9). Give c(z).
-16
Let s(b) = -37*b**2 - 9. Let k(f) = -16*f**2 - 4. Let c(x) = -7*k(x) + 3*s(x). Give c(-6).
37
Let j = -207 + 201. Let d(a) = 6*a**2 + 9*a - 2. Let y(h) = h**2 + h + 1. Let b(o) = -d(o) + 5*y(o). Calculate b(j).
-5
Let p(f) = -f**2 - 13*f + 38. Suppose -3*s + 14 = -67*y + 66*y, -3*y + 3*s - 42 = 0. What is p(y)?
24
Suppose -9 = -7*j + 4*j. Let t(b) = -3*b + j*b - 9 + b. Determine t(0).
-9
Let r(n) be the third derivative of -n**6/120 - n**5/12 + 13*n**4/24 - 2*n**3 + 670*n**2. What is r(-7)?
-5
Let y(w) = 13*w**3 + 3*w**2 + 2*w - 1. Let f(a) = -66*a**3 - 16*a**2 - 11*a + 5. Let d(h) = -2*f(h) - 11*y(h). Let i = 35387 + -35386. Give d(i).
-11
Let l(t) = 2*t**3 + t + 2. Let b(i) = -17*i**2 + 16*i - 18. Let p(v) = -30*v**2 + 32*v - 35. Let x(a) = 7*b(a) - 4*p(a). Let r be x(15). What is l(r)?
-1
Let y = 2053 + -2064. Let o(v) = -v**2 + 4*v + 13. What is o(y)?
-152
Suppose 0 = -4*n - 4*g - 108, 0 = -4*g + 40 - 36. Let f(c) = -c - 28. What is f(n)?
0
Let u(j) = -3*j + 39. Let d = -2995 - -3017. Calculate u(d).
-27
Let u(b) = -3*b - 2. Let s(z) = -z - 9. Let a(o) = -2*o - 12. Let n(g) = 4*a(g) - 5*s(g). Let q(v) = 3*n(v) - 4*u(v). What is q(1)?
2
Suppose 0 = 4*r - 20 - 4. Let f(n) = -90*n + 21*n + 24*n + 24*n + 22*n - 144. Let c(x) = 26. Let t(d) = 22*c(d) + 4*f(d). Give t(r).
20
Let o(q) be the first derivative of -q**4/4 - 4*q**3/3 + 2*q**2 - 6*q + 80. Suppose 4*n + f + 93 = 0, n + 3*n + 2*f = -94. Let y = n - -18. Determine o(y).
-1
Let f = -13558 + 13570. Let p(d) = 2*d + 5. Determine p(f).
29
Suppose -22 = 17*n - 243. Suppose -9*g = -n*g. Let m(p) = p - 20. Give m(g).
-20
Let l(s) be the first derivative of 22*s**3/3 - s**2/2 - 981. Give l(-1).
23
Suppose 3*o = -4*p - 30, 5*o = -0*p + 5*p - 15. Suppose -146*f + 149*f = 9. Let k(d) = -2*d - 6*d**3 - 10*d**3 + 24*d**3 - 9 - 6*d**2 - 9*d**f. Calculate k(o).
3
Let b(i) = -2*i - 2. Suppose 129 = 18*t + 39. Suppose 105 = -t*q + 80. Give b(q).
8
Let n(x) = -x**3 - 4*x**2 + 7*x + 11. Let r be n(-5). Suppose 0*v - r = -2*m + 3*v, -2*m + v = -3. Let q(s) = -s + m*s**3 + 3 - 3 + 0 - 2. Give q(2).
12
Let c(d) = -2*d**2 - 17*d + 36. Let a = 21918 - 21928. Calculate c(a).
6
Suppose 4*t + 3*z = 656 - 61, 3*t - 462 = 3*z. Let a(f) = -299 - f + t + 140. Suppose -8 = 4*c + 24. Calculate a(c).
0
Let y(c) be the first derivative of c**2/2 + 12*c + 11. Let q = 53 + -29. Let j be 0*18/q*2/3. Give y(j).
12
Let w(q) = q**3 + 6*q**2 - 4*q + 16. Let x be w(-7). Let p(g) = 559 - 1099 + 543 - 5*g. Give p(x).
28
Let d(s) = s**3 + 6*s**2 - 6*s + 1. Let u = -957 + 950. What is d(u)?
-6
Let g(c) be t